te z(7).
-2
Let d(k) = -2*k**3 - 2*k**2 + 6. Calculate d(-2).
14
Let q(r) = -r**3 + 13*r**2 - 23*r + 1. What is q(11)?
-10
Let y(o) = o**2 + 10*o - 4. Determine y(-9).
-13
Let b(m) = 7*m**2 - m + 2. Determine b(2).
28
Let p(f) = -3*f + 30. Determine p(6).
12
Let w(k) = k**2 + 26*k - 14. Calculate w(-27).
13
Let f(k) = -k**3 - 19*k**2 - 25*k - 136. Calculate f(-18).
-10
Let h(k) = 3*k**2 - 18*k - 1. Determine h(6).
-1
Let r(q) = q**2 - 7*q + 9. Give r(6).
3
Let k(x) = -x**2 - 33*x + 186. Give k(-38).
-4
Let o(m) = 5*m - 2. Determine o(8).
38
Let x(s) = s**3 + 6*s**2 + 6*s - 6. Calculate x(-5).
-11
Let v(g) = 2*g + 57. What is v(12)?
81
Let r(k) = -3*k + 103. What is r(-6)?
121
Let h(y) = y**2 + 29*y + 45. Give h(-27).
-9
Let f(o) = 2*o + 7. Give f(-13).
-19
Let a(c) = 2*c**2 + 137*c - 216. Give a(-70).
-6
Let g(n) = -n**3 - 18*n**2 - 3*n + 42. Give g(-17).
-196
Let q(w) = w**3 + 9*w**2 - 3*w - 8. What is q(-9)?
19
Let n(k) = -5*k + 137. Calculate n(25).
12
Let o(y) = -2*y**3 + 4*y**2 + y + 1. Determine o(2).
3
Let w(q) = 6*q**3 - 2*q**2 + 1. Calculate w(2).
41
Let i(n) = n**3 + 7*n**2 - 11*n - 3. What is i(-8)?
21
Let o(v) = 3*v - 8. What is o(-11)?
-41
Let y(u) = u**3 - 28*u**2 + 28*u - 23. What is y(27)?
4
Let r(o) = 7*o**2 - 3*o. Calculate r(2).
22
Let f(q) = q**3 + 15*q**2 - 5*q + 20. Determine f(-15).
95
Let c(q) = 7*q + 36. Determine c(-5).
1
Let w(z) = 3*z**3 - z**2 - 4. What is w(2)?
16
Let f(x) = -2*x**3 + 15*x**2 - 7*x + 8. Calculate f(7).
8
Let r(q) = -q - 2. Determine r(5).
-7
Let h(y) = -2*y + 5. Give h(2).
1
Let n(j) = -j**3 - 2*j**2 + 3*j + 8. What is n(0)?
8
Let g(u) = -2*u**3 + 11*u**2 + 3*u + 5. Give g(6).
-13
Let h(b) = -b + 14. What is h(9)?
5
Let d(c) = -52*c**3 + 4*c**2 + c - 4. Give d(-1).
51
Let x(j) = -j**2 - 2*j - 6. What is x(-3)?
-9
Let y(c) = 46*c - 683. Determine y(15).
7
Let f(t) = t**3 + 5*t**2 + 9*t - 1. What is f(-3)?
-10
Let k(v) = v**2 - 18*v + 3. Determine k(16).
-29
Let m(t) = 10*t + 9. Determine m(-3).
-21
Let o(r) = r + 13. Determine o(-7).
6
Let m(o) = o**3 + 6*o**2 + 6*o - 1. Calculate m(-7).
-92
Let x(y) = 4*y - 124. Calculate x(29).
-8
Let d(u) = -u**3 - 7*u**2 - 8*u + 3. Determine d(-6).
15
Let q(i) = i**2 + 24*i + 150. Calculate q(-9).
15
Let c(z) = z**2 - 17*z - 7. Give c(16).
-23
Let o(m) = m**2 - 7*m + 7. Calculate o(7).
7
Let p(s) = s**3 - 8*s**2 - 9*s - 10. Determine p(9).
-10
Let q(u) = -6*u + 43. Calculate q(7).
1
Let s(m) = m**3 + 8*m**2 + 3*m - 28. Give s(-6).
26
Let a(y) = 3*y + 10. What is a(-2)?
4
Let c(w) = -w**3 - 13*w**2 - 17*w + 25. Calculate c(-11).
-30
Let y(h) = -h**3 - 4*h**2 - 3*h - 2. Calculate y(-4).
10
Let i(y) = y - 5. What is i(5)?
0
Let k(t) = -7*t + 1. Give k(2).
-13
Let k(g) = g**2 + 7*g + 2. Give k(-3).
-10
Let i(s) = 2*s**2 + 102*s - 319. What is i(3)?
5
Let z(b) = 58*b + 402. Calculate z(-7).
-4
Let h(u) = -2*u**3 - 3*u**2 + 2*u + 7. Determine h(2).
-17
Let x(c) = 2*c**2 - c - 2. Calculate x(-6).
76
Let o(t) = 2*t - 44. Determine o(19).
-6
Let o(f) = -2*f**2 - 11*f + 8. Give o(-7).
-13
Let l(b) = -b**2 + 6*b + 22. Calculate l(6).
22
Let w(y) = y**2 - 8*y. Give w(6).
-12
Let i(h) = -5*h**2 - 2*h + 1. Calculate i(-2).
-15
Let i(t) = -5*t**2 - 2*t + 2. Determine i(1).
-5
Let j(m) = -m**3 - 20*m**2 - 34*m + 40. Determine j(-18).
4
Let d(a) = 28*a - 186. Determine d(7).
10
Let n(a) = 6*a**2 + 2*a + 2. Give n(-2).
22
Let s(u) = u**3 + 5*u**2 - u + 2. Give s(-6).
-28
Let x(g) = 4*g + 6. Give x(-6).
-18
Let y(g) = 15*g + 4. Give y(2).
34
Let o(b) = -2*b**2 - 11*b - 1. Give o(-3).
14
Let x(o) = o**2 - 2*o - 3. Determine x(-2).
5
Let b(t) = t**3 + 8*t**2 + t + 8. What is b(-8)?
0
Let k(q) = -26*q - 2. Give k(4).
-106
Let n(a) = -a**2 + 17*a. Determine n(0).
0
Let o(v) = v**3 - 8*v**2 - 8*v + 10. Calculate o(9).
19
Let x(s) = s**3 + 9*s**2 + 12*s + 28. Give x(-8).
-4
Let a(x) = -x**2 - 10*x + 9. What is a(-9)?
18
Let i(o) = -3*o**2 + 4*o + 68. Calculate i(-4).
4
Let b(p) = -p**2 + 3*p - 4. What is b(2)?
-2
Let f(w) = -w + 40. Calculate f(44).
-4
Let v(k) = k**2 + 12*k + 41. Determine v(-5).
6
Let k(i) = 5*i + 2. Give k(-2).
-8
Let m(g) = g**3 + 7*g**2 + 4*g + 11. Give m(-6).
23
Let r(l) = l**3 + 5*l**2 + l - 7. Calculate r(-4).
5
Let n(s) = -s - 12. Determine n(2).
-14
Let u(d) = 2*d - 24. Give u(10).
-4
Let b(x) = -3*x + 4. Determine b(-4).
16
Let c(a) = -17*a + 145. What is c(9)?
-8
Let c(f) = -f**3 + 7*f**2 + 8*f + 3. Calculate c(8).
3
Let d(t) = t**3 + 13*t**2 + 12*t + 2. Determine d(-12).
2
Let o(h) = 41*h + 241. What is o(-6)?
-5
Let m(h) = h**3 - 23*h**2 + 27*h - 34. Give m(22).
76
Let b(u) = -2*u**2 - 12*u + 11. What is b(-7)?
-3
Let d(q) = -2*q - 16. Determine d(8).
-32
Let a(b) = -b**2 - 23*b + 97. Determine a(4).
-11
Let j(y) = y**3 + 12*y**2 + 5*y + 54. Calculate j(-12).
-6
Let g(x) = -x**3 + 6*x**2 + 9*x - 3. What is g(7)?
11
Let z(d) = -5*d - 184. Calculate z(-34).
-14
Let c(u) = u**3 + 4*u**2 + 4*u - 6. Determine c(-3).
-9
Let l(j) = j**2 - 4*j - 22. Calculate l(10).
38
Let v(b) = 2*b + 15. Determine v(-12).
-9
Let l(x) = -2*x - 4. What is l(-1)?
-2
Let y(h) = h**3 - 21*h**2 + 2*h - 42. Determine y(21).
0
Let p(q) = -7*q**2 + 62*q + 9. Give p(9).
0
Let i(q) = 9*q + 59. Calculate i(-8).
-13
Let n(i) = i**3 + 6*i**2 - 8*i - 7. Give n(-7).
0
Let q(b) = 18*b + 74. Calculate q(-8).
-70
Let z(r) = r**3 - 3*r**2 + r - 16. Determine z(4).
4
Let x(u) = -u**2 - 10*u - 9. Give x(-8).
7
Let n(g) = -g**2 - 24*g - 37. Calculate n(-22).
7
Let b(y) = y**3 + 14*y**2 + 13*y - 11. Give b(-13).
-11
Let c(d) = -d**3 - 6*d**2 + 3*d + 9. What is c(-5)?
-31
Let z(h) = h**2 + 12*h - 8. Give z(-12).
-8
Let d(o) = -3*o - 14. What is d(-8)?
10
Let i(f) = -f - 23. Give i(-10).
-13
Let i(l) = l**2 - l - 49. What is i(0)?
-49
Let q(y) = -y**3 - 22*y**2 + 49*y + 15. Give q(-24).
-9
Let g(p) = 54*p - 534. What is g(10)?
6
Let h(w) = -w**3 + 10*w**2 + 9*w + 22. Give h(11).
0
Let n(g) = -2*g**2 + 6*g - 2. Calculate n(4).
-10
Let l(p) = p**3 + 7*p**2 + 4*p - 5. Calculate l(-7).
-33
Let y(r) = -16*r + 24. Calculate y(3).
-24
Let y(a) = -a**2 - a + 6. Determine y(-6).
-24
Let a(z) = -z**3 + 5*z**2 + 12*z - 21. Calculate a(6).
15
Let b(q) = q**3 + 8*q**2 - 8*q. What is b(-9)?
-9
Let b(u) = -u - 7. Determine b(7).
-14
Let k(h) = 3*h**2 + 16*h + 44. What is k(-7)?
79
Let g(c) = c**3 + 16*c**2 - 38*c - 31. What is g(-18)?
5
Let d(k) = k**3 + 5*k**2 + 2*k + 2. Determine d(-2).
10
Let a(q) = q**3 - 11*q**2 + 8*q + 6. Calculate a(10).
-14
Let r(w) = -w**2 - 8*w - 7. What is r(-5)?
8
Let v(y) = -3*y**3 - 2*y**2 + 1. Give v(-1).
2
Let h(s) = s**3 - 8*s**2 + 2*s - 14. Give h(6).
-74
Let j(s) = s**2 - 15*s + 12. Determine j(13).
-14
Let h(y) = -25*y**2 + 3*y - 1. What is h(-2)?
-107
Let z(o) = -o**3 + 28*o**2 - 52*o + 3. Calculate z(26).
3
Let o(z) = z**2 + 5*z - 9. Determine o(-6).
-3
Let w(b) = -b - 6. Calculate w(-21).
15
Let g(z) = 3*z + 25. Determine g(-10).
-5
Let t(l) = l**3 - l - 4. Calculate t(3).
20
Let x(d) = 2*d**2 - 5*d - 9. Calculate x(-5).
66
Let s(r) = 7*r**2 + 33*r - 34. What is s(1)?
6
Let z(w) = -3*w + 24. Give z(12).
-12
Let o(y) = y**3 - 5*y**2 - 6*y - 1. Give o(6).
-1
Let j(u) = -u**2 + 17*u - 46. Determine j(15).
-16
Let b(o) = -o + 26. Give b(6).
20
Let i(k) = 44*k**2 - 1. Give i(1).
43
Let q(d) = 20*d - 36. Give q(3).
24
Let k(j) = -4*j + 6. Determine k(3).
-6
Let k(t) = -11*t - 16. Give k(2).
-38
Let o(j) = j**2 - 17. Determine o(0).
-17
Let i(l) = -l**3 - 14*l**2 - l - 72. Give i(-14).
-58
Let v(y) = -y**3 - 7*y**2 + 2*y + 8. Determine v(-7).
-6
Let v(s) = -s**3 + 11*s**2 - 4*s - 25. Determine v(10).
35
Let v(b) = b**3 + 28*b**2 + 74*b - 13. Determine v(-25).
12
Let b(g) = 4*g + 3. What is b(-2)?
-5
Let k(h) = -h**3 + 8*h**2 + 7*h + 9. Calculate k(9).
-9
Let s(g) = -2*g**2 - 35*g + 1. Determine s(-18).
-17
Let z(c) = c**2 + 10*c - 2. What is z(-9)?
-11
Let r(g) = 13*g + 66. Calculate r(-10).
-64
Let a(n) = 19*n - 142. Determine a(8).
10
Let f(d) = d**3 + 4*d**2 + d + 15. What is f(-5)?
-15
Let s(d) = -8*d + 5. Calculate s(2).
-11
Let r(c) = -c**3 + c**2 - 3*c - 4. Calculate r(-4).
88
Let s(d) = 2*d**2 + 18*d - 25. Give s(-8).
-41
Let z(n) = -n**2 - 10*n - 1. What is z(-11)?
-12
Let g(t) = 12*t + 55. What is g(-5)?
-5
Let y(a) = 2*a**3 + 49*a**2 - 24*a + 19. Determine y(-25).
-6
Le